be d(u). Let i = 33 - r. Is i composite?
False
Let g(m) = -5*m - 1. Let p(l) = -l. Let k(o) = -2*g(o) + 9*p(o). Let c be k(3). Suppose 2*b - 2*d - 442 = -2*b, -b = -c*d - 106. Is b a composite number?
True
Suppose 4*o + 2*v - 16 = 0, 3*o = 5*o - 5*v + 4. Let q(r) = -r**2 + 6*r - 5. Let y be q(4). Let w = o + y. Is w prime?
False
Suppose -10 + 28 = -3*v. Let b(m) = -m**2 - 6*m + 2. Let i be b(v). Suppose t = -i*t + 381. Is t a prime number?
True
Let k = -3257 + 6804. Is k prime?
True
Suppose s - 1 = -v, -4*s - 4*v = -6*s + 20. Suppose 16 + 8 = s*x. Is x composite?
True
Let w(n) = -n + 5. Let a be w(5). Suppose a*l + 9 = -3*l. Let k(m) = -m**2 - 3*m + 2. Is k(l) a composite number?
False
Let s = 200 + -117. Is s a prime number?
True
Let u be (-4 + 5)/((-2)/6). Is (-155)/u - (-14)/(-21) a prime number?
False
Suppose 4*y - 4800 = -4*l, -1858 = -2*l - y + 543. Let s = l + 192. Is s composite?
True
Let a(n) = n**2 + 7*n + 7. Let f be a(-6). Suppose 0 = v + 3, 3*v - 4*v = -3*o - 21. Is ((-140)/o)/(f/2) prime?
False
Let v(g) be the third derivative of 11*g**4/24 + 11*g**3/6 - 5*g**2. Is v(10) composite?
True
Suppose -70 - 62 = -4*j. Is j a composite number?
True
Let b = 8 + -3. Let p = 696 - 489. Suppose 0 = 4*x + 5*s - 182, -p = -0*x - b*x + 4*s. Is x composite?
False
Suppose 111 = -0*u + 3*u + 4*b, b = 5*u - 185. Is u prime?
True
Let a(t) = 29*t + 4. Suppose -5*r - 8 = 4*k, -k - 1 = -r + 2*r. Is a(k) a prime number?
False
Suppose u = -1 + 43. Is (34/(-4))/((-3)/u) prime?
False
Let g(s) be the second derivative of -s**5/10 + 5*s**4/12 + 2*s**3/3 + 2*s**2 + 2*s. Is g(-3) prime?
False
Let q = 9 + 90. Let g = q - 32. Is g a composite number?
False
Let v(j) = -j**3 + 12*j**2 - 2*j - 15. Let a be v(11). Suppose -5*s + 24 = a. Let z = s + 31. Is z composite?
False
Suppose 0 = a + 5*u - 22, 2*a - 2*u - 4 = 4. Let c be a/4 - 1/(-4). Is ((-158)/(-8))/(c/8) prime?
True
Let c(p) = p**2 + 15*p + 25. Is c(-17) composite?
False
Is (2084/(-12))/((-2)/6) a composite number?
False
Let t be 3 + 1 - (-2)/(-2). Let q = 47 - 50. Is (-3 - q) + 166 - t composite?
False
Suppose 1 + 3 = -4*n. Let r = n - -14. Is r a composite number?
False
Is (4/6)/(26/2613) composite?
False
Suppose 4*h - 57 = 3*o, 5*o = 2*h + 3*h - 70. Suppose 0 = -s + h + 8. Is s composite?
False
Let h(x) = 4*x - 4. Let c be h(3). Let n be (1/(-2))/(4/c). Is 976/20 + n/(-5) composite?
True
Let k = 49 - -66. Is k a composite number?
True
Let u be ((-476)/(-7))/(4/6). Suppose 0 = -5*c + 83 + u. Is c composite?
False
Suppose -639 = -3*z + 6540. Is z a composite number?
False
Suppose -1 = -2*d - 5*s + 158, 4*d - 273 = 5*s. Suppose p = -5*r + d, -3*r + p - 4 = -52. Is r composite?
True
Let r = 9 + -1. Suppose -5*c - 10 = -p, 5*p - c - r = 3*c. Suppose -19 = -g - 4*a, p = -4*a + 2*a. Is g composite?
False
Let d(u) = u**2 - 4*u + 2. Let l be d(5). Let b be (-2)/l - (-74)/14. Suppose -57 = -b*z + 118. Is z composite?
True
Suppose o - 3*o = -4. Suppose 5*b - 10 + 0 = 0. Suppose -q + o*j + 22 = -15, 0 = -b*q - j + 64. Is q a prime number?
False
Let p(q) = q**3 + 5*q**2 - 8. Let w be p(-6). Let m = w - -83. Is m composite?
True
Let w(q) = 40*q**3 + 2*q**2 - q. Let j be w(1). Suppose 294 = b + 5*b. Suppose 3*k + 3*z = 4 + j, b = 3*k + 5*z. Is k a prime number?
True
Suppose -3*h + 1061 = 176. Is h a prime number?
False
Let m be (-3)/(-6*(-2)/(-8)). Is m/3 - 100/(-12) composite?
True
Suppose -86 = -2*h + 32. Is h prime?
True
Let y = 3 + 6. Let i be (-12)/(5/((-30)/y)). Let k(w) = 2*w**2 - 3*w - 11. Is k(i) composite?
True
Let d(x) = 287*x**3 - x**2 + 2*x - 1. Is d(1) a composite number?
True
Suppose 10*c - 6*c - 16 = 0. Is (-3423)/(-27) + c/18 composite?
False
Suppose -5*k - 5*g + 630 = 0, 2*g + 52 = 5*k - 585. Is k a prime number?
True
Suppose 10 = 4*t - 9*y + 4*y, 0 = -2*t + y + 2. Suppose j + 4*s = 141, 5*j - s + 5*s - 673 = t. Is j a composite number?
True
Let y(q) = q**2 + 5*q - 6. Let k be y(-5). Is ((-298)/k)/(4/12) a composite number?
False
Is 8 + -3 + 11820/5 a prime number?
False
Let w = 636 + 565. Is w a composite number?
False
Let b(p) = 188*p - 1. Let s = 7 + -6. Is b(s) composite?
True
Let u(c) = -4*c + 21*c - c**2 + 4*c**2 + 10 - c**2. Is u(-11) a composite number?
True
Let k = 72 + 43. Is k composite?
True
Suppose 53 = 5*u - 13662. Is u composite?
True
Suppose -4*a = -7*a + 336. Suppose 36 = 2*j - a. Is j a prime number?
False
Let o(m) = -2*m**3 + 6*m**2 + 8*m - 17. Is o(-7) a composite number?
False
Is 12*3 + (-2)/(-2) a composite number?
False
Let n(i) = 2*i**3 - i**2 + 5*i - 7. Let m be n(5). Let v = m - 134. Is v a composite number?
False
Let a(h) = -3*h**3 + h**2 - h - 1. Let i be a(-1). Suppose 3*v + 215 = i*v. Suppose -4*z = z - v. Is z a prime number?
True
Let t(x) = x**3 - 7*x**2 + 8*x - 7. Let r be t(6). Suppose -r*a + 22 + 3 = 0. Suppose -168 = -a*k - 0*n + n, -5*n - 24 = -k. Is k a composite number?
True
Suppose -7*i - 65 = -2*i. Let u = i - -30. Suppose 4*o - 3*g = -0*g + 19, -2*o - g = -u. Is o a prime number?
True
Suppose -j - 5*k + 147 = 0, j + k - 117 = 2*k. Is j composite?
True
Let q(j) = -11*j**3 + 3*j**2 + 7*j - 6. Let k(y) = -10*y**3 + 2*y**2 + 6*y - 5. Let a(b) = -4*k(b) + 3*q(b). Is a(3) prime?
True
Is (2/2 + 2/(-4))*2798 a composite number?
False
Suppose -5*i - 4*m - 22 = 0, 4*m = -6*i + 3*i - 10. Is (34/6)/((-1)/i) a prime number?
False
Let n(z) be the first derivative of -z**4/4 - 10*z**3/3 - 11*z**2/2 + z - 8. Is n(-9) prime?
True
Is (314 + 1 + -4)/1 composite?
False
Suppose -g = -796 + 172. Suppose 4*n = g + 1044. Suppose -5*q + n = -4*r, -4*q + 14 = -4*r - 318. Is q composite?
True
Suppose 5*u - y + 6*y - 925 = 0, -4*y = -u + 190. Suppose 0 = -4*j + 4*q - u + 1186, -1247 = -5*j + 4*q. Is j prime?
False
Let q(u) = 9*u**2 + 3*u + 4. Is q(-5) a prime number?
False
Suppose 5*m + 19 = -2*i, 0*i - 19 = 5*i + 3*m. Is 6/3 - (-483 + i) a prime number?
True
Let k = -169 + 236. Is k a composite number?
False
Let t be (-48)/21 - 2/(-7). Let w be 44 + t - (-1 - -1). Let o = w - 5. Is o a composite number?
False
Let s be ((-2)/(-3))/(2/(-12)). Is (158/s)/(4/(-8)) composite?
False
Let m = 0 + 0. Let v = 9 - 4. Suppose 196 - 12 = v*y - k, 5*k - 5 = m. Is y composite?
False
Suppose 0 = -5*i + 4*o + 1335, o + 801 = 3*i + 4*o. Is i composite?
True
Let p(i) = -135*i - 9. Let q be p(-8). Suppose 0*y = 4*y - t - q, 15 = -5*t. Is y prime?
False
Suppose -3*c - 2 + 5 = 0. Let y be 150/(-9)*(4 - c). Let v = y + 87. Is v prime?
True
Suppose -4*h = -2*t - 646, -4*t - 332 - 308 = -4*h. Is h a prime number?
True
Suppose 0*t = 3*t - 237. Is t a prime number?
True
Let a(r) = 253*r**2 - 6*r - 2. Is a(-3) prime?
True
Let b = -257 - -844. Is b a composite number?
False
Let f(y) = -2*y**3 - 7*y**2 - 5*y + 5. Let v be f(-6). Suppose -2*n = -576 - 140. Let m = n - v. Is m a composite number?
True
Let g be (7/((-7)/6))/(-2). Suppose -5 = 2*r - g*r. Suppose 0 = -r*d + 56 + 19. Is d a composite number?
True
Let u(j) = -j - 13. Let n be u(-13). Suppose -2*k + 1056 = 3*a + 145, -2*a + 2*k + 614 = n. Is a a prime number?
False
Suppose 11*y = 15*y - 388. Is y a prime number?
True
Let a = 147 - -200. Is a prime?
True
Suppose -7*m - 1167 = -10*m. Is m composite?
False
Let c(m) = 2*m**2 + 2*m - 5. Let y be c(-5). Let l = 88 - y. Is l prime?
True
Let a(w) be the third derivative of 3*w**4/8 - w**3/6 + 3*w**2. Let r(z) = -z**2 + 4*z + 1. Let n be r(3). Is a(n) prime?
False
Let w(p) = -p**3 + p + 2399. Let n be w(0). Suppose n - 511 = -4*c. Let t = -309 - c. Is t a composite number?
False
Suppose 15 = -5*p - 20. Let y = -5 - p. Is 84/18*69/y composite?
True
Let o = 492 - 281. Is o a prime number?
True
Let i = -15 + 9. Let w be ((-15)/(-2))/(i/(-32)). Suppose -2*q - 4*z = -30, -4*q + w = 5*z - 2*z. Is q a composite number?
False
Suppose 3*o - 2*n = -164, 2*o = -3*o - 2*n - 252. Let r = 21 + -58. Let h = r - o. Is h composite?
True
Let c = 688 + 713. Is c prime?
False
Let x(c) = 18*c**2 + c + 11. Is x(-4) a composite number?
True
Suppose 755 + 95 = 5*k. Let s be (-9)/6*k/(-3). Let n = -6 + s. Is n a prime number?
True
Let j = -10 + 17. Suppose -j = -c + 72. Suppose c = 6*v - 5*v. Is v prime?
True
Is (-1864)/(-10) + (14/(-10) - -2) prime?
False
Let u(y) = 14*y + 3 - 5 + 3*y - 2. Let k be u(3). Is (k*2)/(10/25) a prime numbe